{"id":4871,"date":"2025-10-04T14:38:44","date_gmt":"2025-10-04T14:38:44","guid":{"rendered":"http:\/\/www.ruras.ufscar.br\/?page_id=4871"},"modified":"2025-10-04T14:38:44","modified_gmt":"2025-10-04T14:38:44","slug":"plano-de-gestao-de-dados-jessica-pires-cardoso","status":"publish","type":"page","link":"https:\/\/www.ruras.ufscar.br\/?page_id=4871","title":{"rendered":"Plano de Gest\u00e3o de Dados &#8211; J\u00e9ssica Pires Cardoso"},"content":{"rendered":"\n<p>A pesquisa \u201cAmaz\u00f4nia p\u00f3s-pandemia: estrat\u00e9gias de a\u00e7\u00e3o e recupera\u00e7\u00e3o de povos da floresta em contexto de vulnerabilidade socioambiental\u201d foi desenvolvida na Amaz\u00f4nia Legal brasileira (Amazonas e no Par\u00e1) e empregou m\u00e9todos qualitativos de pesquisa social para formar um banco de dados robusto sobre estrat\u00e9gias de resist\u00eancia dos povos da floresta durante a pandemia da Covid-19. Foram realizadas entrevistas semiestruturadas e em profundidade com diferentes sujeitos dos universos emp\u00edricos analisados, valorizando a experi\u00eancia e a mem\u00f3ria como meio de produzir compreensibilidade sobre o tema proposto. Foram entrevistadas lideran\u00e7as pol\u00edticas, fam\u00edlias que integram o territ\u00f3rio, profissionais da sa\u00fade e da educa\u00e7\u00e3o, gestores p\u00fablicos, organiza\u00e7\u00f5es ambientalistas, movimentos sociais do campo, seringueiros, castanheiros e pescadores. Estes dados foram submetidos a diferentes estrat\u00e9gias de sistematiza\u00e7\u00e3o, tamb\u00e9m gerando quadros, tabelas e planilhas.<\/p>\n\n\n\n<p>Todos os dados produzidos no projeto via trabalho de campo, levantamento de dados secund\u00e1rios e pesquisa documental est\u00e3o dispon\u00edveis, em formato f\u00edsico e digital, na sede do Grupo de Pesquisa Ruralidades, Ambiente e Sociedade \u2013 RURAS, no Departamento de Sociologia da Universidade Federal de S\u00e3o Carlos (Rodovia Washington Luis, km.235, S\u00e3o Carlos-SP). O acesso a estes dados \u00e9 p\u00fablico, com consulta agendada por e-mail.<\/p>\n\n\n\n<p>Os dados digitais est\u00e3o armazenados em pasta protegida por criptografia e senha em computadores de responsabilidade do Grupo de Pesquisa RURAS, sendo que uma c\u00f3pia da pasta e de todos os documentos est\u00e1 salva na nuvem gerida pela Secretaria de Inform\u00e1tica da UFSCar.<\/p>\n\n\n\n<p>Para fins de garantia da privacidade dos informantes da pesquisa, a realiza\u00e7\u00e3o de consulta aos \u00e1udios e transcri\u00e7\u00f5es de entrevistas ser\u00e1 precedida do preenchimento de termo de confidencialidade elaborado pelo RURAS.<\/p>\n\n\n\n<p>Por fim, tamb\u00e9m ser\u00e1 exigido nos atos de consulta o preenchimento de um termo de compromisso que estabelece a obrigatoriedade de refer\u00eancia ao t\u00edtulo do projeto, bem como de sua ag\u00eancia de fomento (FAPESP) no caso de qualquer forma de uso dos dados e informa\u00e7\u00f5es obtidas desta base de dados.<\/p>\n\n\n\n<p>Para agendamento de consulta e demais informa\u00e7\u00f5es, o contato deve ser realizado pelo e-mail <a href=\"mailto:jessicapires.cardoso@gmail.com\">jessicapires.cardoso@gmail.com<\/a> ou rmartins@ufscar.br<\/p>\n","protected":false},"excerpt":{"rendered":"<p>A pesquisa \u201cAmaz\u00f4nia p\u00f3s-pandemia: estrat\u00e9gias de a\u00e7\u00e3o e recupera\u00e7\u00e3o de povos da floresta em contexto de vulnerabilidade socioambiental\u201d foi desenvolvida na Amaz\u00f4nia Legal brasileira (Amazonas e no Par\u00e1) e empregou m\u00e9todos qualitativos de pesquisa social para formar um banco de&#8230;<\/p>\n","protected":false},"author":6,"featured_media":0,"parent":0,"menu_order":0,"comment_status":"closed","ping_status":"closed","template":"","meta":[],"_links":{"self":[{"href":"https:\/\/www.ruras.ufscar.br\/index.php?rest_route=\/wp\/v2\/pages\/4871"}],"collection":[{"href":"https:\/\/www.ruras.ufscar.br\/index.php?rest_route=\/wp\/v2\/pages"}],"about":[{"href":"https:\/\/www.ruras.ufscar.br\/index.php?rest_route=\/wp\/v2\/types\/page"}],"author":[{"embeddable":true,"href":"https:\/\/www.ruras.ufscar.br\/index.php?rest_route=\/wp\/v2\/users\/6"}],"replies":[{"embeddable":true,"href":"https:\/\/www.ruras.ufscar.br\/index.php?rest_route=%2Fwp%2Fv2%2Fcomments&post=4871"}],"version-history":[{"count":1,"href":"https:\/\/www.ruras.ufscar.br\/index.php?rest_route=\/wp\/v2\/pages\/4871\/revisions"}],"predecessor-version":[{"id":4872,"href":"https:\/\/www.ruras.ufscar.br\/index.php?rest_route=\/wp\/v2\/pages\/4871\/revisions\/4872"}],"wp:attachment":[{"href":"https:\/\/www.ruras.ufscar.br\/index.php?rest_route=%2Fwp%2Fv2%2Fmedia&parent=4871"}],"curies":[{"name":"wp","href":"https:\/\/api.w.org\/{rel}","templated":true}]}}

Plano de Gestão de Dados &#8211; Jéssica Pires Cardoso

<p>A pesquisa “Amazônia pós-pandemia: estratégias de ação e recuperação de povos da floresta em contexto de vulnerabilidade socioambiental” foi desenvolvida na Amazônia Legal brasileira (Amazonas e no Pará) e empregou métodos qualitativos de pesquisa social para formar um banco de dados robusto sobre estratégias de resistência dos povos da floresta durante a pandemia da Covid-19. Foram realizadas entrevistas semiestruturadas e em profundidade com diferentes sujeitos dos universos empíricos analisados, valorizando a experiência e a memória como meio de produzir compreensibilidade sobre o tema proposto. Foram entrevistadas lideranças políticas, famílias que integram o território, profissionais da saúde e da educação, gestores públicos, organizações ambientalistas, movimentos sociais do campo, seringueiros, castanheiros e pescadores. Estes dados foram submetidos a diferentes estratégias de sistematização, também gerando quadros, tabelas e planilhas.</p>



<p>Todos os dados produzidos no projeto via trabalho de campo, levantamento de dados secundários e pesquisa documental estão disponíveis, em formato físico e digital, na sede do Grupo de Pesquisa Ruralidades, Ambiente e Sociedade – RURAS, no Departamento de Sociologia da Universidade Federal de São Carlos (Rodovia Washington Luis, km.235, São Carlos-SP). O acesso a estes dados é público, com consulta agendada por e-mail.</p>



<p>Os dados digitais estão armazenados em pasta protegida por criptografia e senha em computadores de responsabilidade do Grupo de Pesquisa RURAS, sendo que uma cópia da pasta e de todos os documentos está salva na nuvem gerida pela Secretaria de Informática da UFSCar.</p>



<p>Para fins de garantia da privacidade dos informantes da pesquisa, a realização de consulta aos áudios e transcrições de entrevistas será precedida do preenchimento de termo de confidencialidade elaborado pelo RURAS.</p>



<p>Por fim, também será exigido nos atos de consulta o preenchimento de um termo de compromisso que estabelece a obrigatoriedade de referência ao título do projeto, bem como de sua agência de fomento (FAPESP) no caso de qualquer forma de uso dos dados e informações obtidas desta base de dados.</p>



<p>Para agendamento de consulta e demais informações, o contato deve ser realizado pelo e-mail <a href="mailto:jessicapires.cardoso@gmail.com">jessicapires.cardoso@gmail.com</a> ou rmartins@ufscar.br</p>

<p>A pesquisa “Amazônia pós-pandemia: estratégias de ação e recuperação de povos da floresta em contexto de vulnerabilidade socioambiental” foi desenvolvida na Amazônia Legal brasileira (Amazonas e no Pará) e empregou métodos qualitativos de pesquisa social para formar um banco de&#8230;</p>
